mposite number?
False
Is 250553 a prime number?
False
Is 2754253 prime?
False
Is 25490294 a prime number?
False
Is 445951535 a composite number?
True
Is 162838491 prime?
False
Is 697811 a composite number?
True
Is 1194959 prime?
True
Is 688825409 a prime number?
True
Is 43980899 composite?
True
Is 183158099 a composite number?
False
Is 49707481 composite?
True
Is 1944203 a composite number?
True
Is 796273 composite?
True
Is 309468669 prime?
False
Is 14751769 a composite number?
True
Is 667995317 composite?
True
Is 2210939 prime?
True
Is 3844493 a prime number?
False
Is 8488999 prime?
False
Is 749510819 composite?
False
Is 25234439 prime?
True
Is 897857 prime?
False
Is 93156367 a composite number?
True
Is 7857263 prime?
True
Is 174342781 prime?
True
Is 21550043 prime?
True
Is 1046861 a composite number?
True
Is 36863683 a prime number?
False
Is 994523 prime?
False
Is 68126221 a prime number?
True
Is 249212141 a composite number?
False
Is 20212541 a composite number?
True
Is 4349629 prime?
False
Is 48268573 a composite number?
True
Is 365711399 a prime number?
True
Is 22180271 composite?
True
Is 66286789 prime?
True
Is 9560699 a prime number?
False
Is 98533882 a composite number?
True
Is 51793117 prime?
True
Is 219251 a composite number?
False
Is 1326241 composite?
True
Is 293294 composite?
True
Is 22862929 a composite number?
True
Is 71892647 a composite number?
False
Is 11811697 composite?
False
Is 1906331 a prime number?
False
Is 9557599 a prime number?
True
Is 59925727 prime?
False
Is 2013481 prime?
False
Is 140824247 prime?
True
Is 714269 composite?
True
Is 11267877 a prime number?
False
Is 7144903 a composite number?
False
Is 95661341 a prime number?
True
Is 60155033 prime?
True
Is 43713553 prime?
False
Is 803753605 prime?
False
Is 9573709 prime?
True
Is 1494893 a prime number?
False
Is 96517 composite?
False
Is 3123547 prime?
False
Is 13246522 prime?
False
Is 496860501 a composite number?
True
Is 181537 a prime number?
True
Is 89832091 a prime number?
True
Is 355885433 a composite number?
False
Is 483949121 a prime number?
False
Is 1451797 composite?
False
Is 128851949 composite?
False
Is 59773289 prime?
True
Is 27469229 a prime number?
False
Is 6543709 a prime number?
False
Is 2110133 a prime number?
True
Is 17564021 a composite number?
False
Is 493349429 a composite number?
False
Is 18294271 prime?
True
Is 38020669 composite?
True
Is 43291 composite?
False
Is 5873159 composite?
False
Is 10754267 prime?
False
Is 101611789 composite?
False
Is 343499881 prime?
True
Is 26857607 a composite number?
True
Is 153333907 composite?
False
Is 3018803 prime?
True
Is 38437871 prime?
True
Is 11206697 composite?
False
Is 2595577 composite?
True
Is 16684298 composite?
True
Is 170494949 a prime number?
True
Is 444161 prime?
False
Is 505541 prime?
False
Is 329664281 a prime number?
False
Is 11709259 prime?
True
Is 354463477 a prime number?
False
Is 1879543 prime?
True
Is 485509249 prime?
False
Is 125787187 a composite number?
False
Is 20619889 composite?
False
Is 15653 a composite number?
True
Is 7296203 a prime number?
False
Is 36096077 prime?
True
Is 1747859 prime?
False
Is 6555839 composite?
False
Is 3763141 prime?
True
Is 10644577 prime?
True
Is 7660273 prime?
False
Is 54420569 a prime number?
False
Is 134149039 composite?
True
Is 407196901 a prime number?
True
Is 90962551 composite?
True
Is 35324617 a prime number?
True
Is 143351921 prime?
False
Is 93563521 composite?
False
Is 12145109 a prime number?
False
Is 56160203 composite?
True
Is 313716761 a prime number?
False
Is 18500413 composite?
False
Is 58210289 a prime number?
True
Is 9024527 composite?
False
Is 3934655 a prime number?
False
Is 111306967 composite?
False
Is 3695777 a composite number?
True
Is 1357103 prime?
False
Is 9672599 composite?
True
Is 22776631 a composite number?
False
Is 20338349 prime?
True
Is 463093 composite?
False
Is 5154991 prime?
False
Is 168090361 composite?
True
Is 12289891 a prime number?
True
Is 2240389 a composite number?
False
Is 5763115 composite?
True
Is 173816347 composite?
True
Is 2615779 a composite number?
False
Is 11141149 a prime number?
True
Is 33980881 a prime number?
False
Is 23506703 prime?
False
Is 108778057 a composite number?
True
Is 28500827 prime?
True
Is 6265697 prime?
True
Is 5504201 a composite number?
False
Is 128103091 a prime number?
True
Is 184314061 a prime number?
True
Is 4412405 composite?
True
Is 4888019 a composite number?
True
Is 306078947 a prime number?
True
Is 13995809 prime?
True
Is 3678791 a prime number?
True
Is 9610853 prime?
False
Is 15856649 prime?
False
Is 37303639 prime?
True
Is 168523 a composite number?
False
Is 1562453 composite?
True
Is 18187181 a composite number?
True
Is 10645109 composite?
True
Is 432549883 prime?
False
Is 621103 prime?
False
Is 11484329 a prime number?
True
Is 372353 prime?
True
Is 1031809 a composite number?
False
Is 106707 composite?
True
Is 2393081 a composite number?
True
Is 182762473 composite?
False
Is 6822017 composite?
False
Is 38053397 a prime number?
True
Is 8609285 composite?
True
Is 487129 a composite number?
True
Is 8460533 a prime number?
True
Is 97903861 composite?
True
Is 16722557 composite?
True
Is 789793 composite?
False
Is 9152237 a prime number?
True
Is 29650729 a prime number?
True
Is 12036151 a prime number?
True
Is 137793611 a prime number?
True
Is 2662313 composite?
True
Is 45952561 a composite number?
False
Is 38611361 a composite number?
False
Is 14703157 a prime number?
False
Is 1230133 prime?
False
Is 179920723 composite?
False
Is 604171 a composite number?
False
Is 62961109 composite?
False
Is 17737747 a composite number?
False
Is 504787 composite?
False
Is 86442379 prime?
False
Is 372937399 a composite number?
False
Is 2667727 composite?
False
Is 4327273 composite?
True
Is 805029 a composite number?
True
Is 49501651 prime?
True
Is 186871319 a prime number?
True
Is 17829047 a composite number?
True
Is 933643 a prime number?
True
Is 64788439 prime?
False
Is 8303501 composite?
False
Is 132177719 a prime number?
False
Is 18451597 composite?
False
Is 112934123 prime?
True
Is 2668499 composite?
True
Is 189076817 a prime number?
False
Is 55403477 a prime number?
False
Is 14976411 composite?
True
Is 20631349 a composite number?
True
Is 8248017 a prime number?
False
Is 10714598 composite?
True
Is 12927989 composite?
False
Is 19576705 a prime number?
False
Is 22009199 a composite number?
True
Is 324667 prime?
False
Is 34181117 prime?
True
Is 4996751 prime?
False
Is 39345653 a composite number?
False
Is 381761 prime?
True
Is 1092930401 composite?
False
Is 47539507 prime?
False
Is 52255241 a composite number?
True
Is 5964359 a composite number?
False
Is 66468683 a composite number?
False
Is 554503 prime?
True
Is 66150907 prime?
True
Is 66204433 composite?
True
Is 296657 a prime number?
False
Is 3201413 a prime number?
False
Is 117987983 prime?
True
Is 1422089 a composite number?
False
Is 60077743 a prime number?
False
Is 9599641 a prime number?
False
Is 35298727 prime?
False
Is 3224401 a prime number?
True
Is 9024159 composite?
True
Is 3675809 a prime number?
True
Is 8719699 prime?
True
Is 1953451 composite?
False
Is 1705549 composite?
False
Is 47048621 prime?
False
Is 1664661 a composite number?
True
Is 26820427 a prime number?
True
Is 117319 prime?
True
Is 13967741 a prime number?
True
Is 4707209 a composite number?
True
Is 178361 composite?
False
Is 344395 a prime number?
False
Is 116822399 prime?
True
Is 3144689 composite?
False
Is 120318439 composite?
False
Is 7219801 a composite number?
False
Is 115619011 prime?
False
Is 22735721 composite?
True
Is 275370691 a prime number?
True
Is 211379 a composite number?
True
Is 175346081 a composite number?
False
Is 18889133 prime?
True
Is 6500635 composite?
True
Is 376741 prime?
False
Is 1286881 a composite number?
False
Is 111451211 a composite number?
True
Is 2556373 prime?
True
Is 4962239 prime?
True
Is 758591 composite?
True
Is 5344217 prime?
True
Is 75373231 prime?
False
Is 5249587 a prime number?
False
Is 402827 a prime number?
False
Is 1174037 a composite number?
True
Is 1911337 prime?
False
Is 2035127 prime?
True
Is 47998559 prime?
False
Is 1250354173 prime?
True
Is 1623961 prime?
False
Is 7475086 a composite number?
True
Is